t t be p(2). Give m(t).
6
Let o(n) be the first derivative of n**4/4 + 3*n**3 + 9*n**2/2 + 5*n - 654. Let z = -3 + -4. Calculate o(z).
40
Let n(z) = -13*z**3 + 21*z**2 + 3*z + 27. Let x(f) = -3*f**3 - f**2 + f + 1. Let h(p) = -n(p) + 4*x(p). Calculate h(25).
2
Let k(p) = 2*p**3 + p**2 + p - 1. Let l(i) = -11*i**3 - 4*i**2 - 8*i + 9. Let g(m) = 6*k(m) + l(m). What is g(0)?
3
Suppose 9*n - 4*n = 4*u - 444, -2*n + 4*u - 168 = 0. Suppose l - 5*a - 103 = 0, -391 = -3*l + a - 110. Let o = l + n. Let h(m) = -6*m**3 - 1. Give h(o).
-7
Let h(n) = 843 + 2*n - 846 + n + 2*n. Let t be (-1408)/66*(-3)/2. Let s = -28 + t. Calculate h(s).
17
Let v(a) = -a - 13. Suppose 0 = 4*m + 19 + 17. Let q be v(m). Let x(l) be the third derivative of l**5/60 + l**4/8 - 451*l**2 - 2. Calculate x(q).
4
Suppose 0 = -32*n - 13*n + 47115. Suppose n*c = 1051*c + 4. Let k(h) = h + 6. Give k(c).
5
Suppose -12 = -m + 2*l, 47 = 3*m - 5*l + 16. Suppose 5 = -7*w - m. Let h(x) = 5*x. Give h(w).
-5
Let s(k) = -k**3 + 5*k**2 + 7. Let d(h) = -10*h + 105. Let z be (-6)/21 - 1728/(-168). Let v be d(z). Calculate s(v).
7
Let p(u) = 1 + u**3 - 7*u**2 - u**3 - u**3. Let v(l) = 2*l**2 - 37*l + 98. Let h be v(15). Let f be p(h). Let i(m) = m**3 + m**2 + m - 1. Calculate i(f).
2
Let p(v) = v**2 + 17*v - 19. Suppose -21 = -37*m - 687. Give p(m).
-1
Let j(c) = -2*c**2 - 8*c - 27. Suppose -91*t - 40 - 44 = -63*t. What is j(t)?
-21
Let g(u) = 4*u + 10. Let x(c) = 7*c + 17. Let f(r) = -5*g(r) + 3*x(r). Suppose -36 = 3*i - 3*p, 2*i + 5*p = -3*i - 20. Give f(i).
-7
Let r(t) = 1697*t + 8. Let b(p) = -4809*p - 23. Let j(o) = 6*b(o) + 17*r(o). Suppose 4*u = -5*f, -5*u + 31 = -f + 2. Give j(f).
18
Suppose -595 = 627*y + 1162 + 751. Let s(u) = 4*u - 3. Let b(d) = -d. Let i(z) = -3*b(z) - s(z). Give i(y).
7
Suppose i - 3*q - 2 - 1 = 0, -2*i - q = -6. Let x be i - (-12)/(-16)*4. Let c(d) = 3*d**2 + 4 + 3*d**3 - 14*d**3 + 9*d**3 - 2*d**2 + 3*d**3. What is c(x)?
4
Let a(j) = -8*j**2 + 3*j - 3. Suppose -98 + 4 = -47*r. Give a(r).
-29
Let b be (-32)/(-8) + -23 - 0. Let c(x) = x**2 + 16*x - 52. Give c(b).
5
Let x(v) be the third derivative of 7*v**4/8 + 11*v**3/6 - 545*v**2. Calculate x(-1).
-10
Let g(p) be the first derivative of 0*p + 1/24*p**4 - 1/30*p**6 + 28 + 1/30*p**5 + 0*p**3 - 21*p**2. Let t(u) be the second derivative of g(u). What is t(2)?
-22
Let z(b) = 10*b + 1. Let q(p) = 20*p + 1. Let r(k) = 4*q(k) - 7*z(k). Suppose 0 = 3*u - 70 + 403. Let m = u + 113. Determine r(m).
17
Let h(d) = -153 - 19*d - 219 + 367 - 2*d**2. Determine h(-9).
4
Let b(r) = -r**2 - 2*r + 3. Let u = 6071 + -6074. What is b(u)?
0
Let r(t) = t**3 - 29*t**2 - 62*t - 7. Let m be r(31). Let c(d) = 4*d + 53. Let w(a) = -2*a + a + 2*a + 13. Let b(f) = 2*c(f) - 9*w(f). Give b(m).
-4
Let q(c) be the second derivative of 2*c**3/3 + 55*c**2 + 1267*c. Give q(-20).
30
Let g(k) be the first derivative of k**3/3 + 9*k**2/2 - k - 48. Let a = 222 - 231. What is g(a)?
-1
Let z(j) = -6 + 5 + 7*j + 2 + 5*j**2 - 2*j**2 - 2*j**2. Let a = 4 - 4. Suppose 3*r + 32 = -5*c, -4*c + 4*r - 34 + 2 = a. What is z(c)?
1
Let v(m) be the first derivative of m**4/4 - 10*m**3/3 + 8*m**2 - 6*m - 384. Determine v(9).
57
Let f(h) = -1 - 1 - h**2 - 3*h + 2*h. Let i(l) = l**2 - 12*l + 19. Let r be i(11). Suppose 0 = 6*w - r*w - 6. Calculate f(w).
-8
Suppose 3*p - 4*v = -0*v + 41, -v = -p + 12. Let r(f) = -f - 1. Let b(m) = 7*m - 8. Let d(t) = b(t) + 6*r(t). Calculate d(p).
-7
Let v(u) = -442*u + 232*u + 33 - 24*u**2 + u**3 + 232*u. What is v(23)?
10
Suppose -33*s = -31*s + 3*y - 10, 4 = -3*s + 5*y. Let f(a) = 0*a**2 - 3*a**2 + 1 - 4*a**3 + 8*a**3. What is f(s)?
21
Let p(g) = g**2 - 20*g - 26. Let l(q) = -3*q**2 + 21*q + 384. Let u be l(15). Calculate p(u).
70
Suppose -5*w - 15 = -0*w. Let h(j) = 3*j**2 - 149 + 367 - 221 - 2*j + j**3. Calculate h(w).
3
Let u(s) = 22*s**3 - 14 + 0*s**3 - 23*s**3 + 18*s + 6*s**2. Let x be u(8). Let a(o) = -6 + 2*o - 3*o + 5*o + o**x. What is a(-6)?
6
Let v(o) be the first derivative of -3*o**2 - o - 48773. Let x be (-7 + 1)*2/(-3). Suppose -x*j - 5*s = -6*j + 9, -3 = -2*j - s. Determine v(j).
-13
Let t be 0 + 7 - (-11 - -12). Let j(f) = f**2 - 7*f + 2. Let q be j(t). Let x(g) = -75*g + 39*g + 33*g + 3. Give x(q).
15
Suppose 25*x + 8 = 23*x. Let f be (-22)/x*(-1 - -5). Let b = f + -24. Let r(m) = -m**2 - m + 1. Give r(b).
-1
Suppose -18 = 313*x - 315*x. Let y be 7/(-3*3/x*1). Let p(b) = 7*b + 10. What is p(y)?
-39
Let q(r) be the third derivative of -r**6/120 - 13*r**5/30 + r**4 - 23*r**3/2 - 31*r**2 - 22*r. Calculate q(-27).
12
Let w(l) = -l**3 - 6*l**2 - l - 6. Suppose h + 129 = 141. Let q be (h/(-16))/(2/16). Determine w(q).
0
Suppose -16*s - 1172 = 1756. Let h = s + 182. Let g(o) = -7*o**2 + o + 1. What is g(h)?
-7
Let i be -2*(3/6 + -1). Let k(w) = -169*w**2 - 3*w - 245*w**2 + 8 + 423*w**2 - 9 + 3*w. What is k(i)?
8
Suppose 0 = -4*t - 12 + 40. Let g = -4 + t. Let n(h) = -4367*h - 4361*h + 13088*h - 4361*h. Determine n(g).
-3
Let y(a) = 4*a. Suppose v + 1 = -l, 0*v - 25 = -3*l + 4*v. Let j be (2/4 - l)*16/20. What is y(j)?
-8
Suppose -4*u + x - 78 = 0, 0 = 4*u - 10*x + 7*x + 74. Let c(l) = l**3 + 20*l**2 + l + 45. What is c(u)?
25
Let v(z) = -2*z**3 + z. Let o(x) = x**2 + 1. Let w(m) = -o(m) - v(m). Let i(c) = 7*c**3 - 6*c**2 + c - 5. Let r(a) = -i(a) + 3*w(a). Calculate r(2).
-2
Let t(k) = 4*k + 33. Suppose 3129 - 1653 = -123*n. What is t(n)?
-15
Let b(p) be the second derivative of p**4/6 - 22*p**2 + 30*p + 14. Give b(-5).
6
Let z(c) = 2*c**3 - c**2 + c. Let p(s) = -7*s**3 + 3*s**2 - 4*s - 1. Let f = -117 + 121. Let d(x) = f*z(x) + p(x). What is d(2)?
3
Suppose 13978*a - 13984*a = -12. Let k(w) be the first derivative of -1/4*w**4 - 4*w - 5/3*w**3 - 3/2*w**a - 10. Give k(-4).
-8
Let f = -526 + 517. Let c be (14/7)/(f - -7). Let s(q) = 7*q - 1. Determine s(c).
-8
Let x(b) = -9*b - 3. Let h(a) = a - 1. Let q(v) = -13*v + 5. Let o(n) = -6*h(n) - q(n). Let l(g) = 5*o(g) + 4*x(g). Give l(-5).
-2
Let a(u) = -102*u - 764. Let b(i) = 20*i + 153. Let r(j) = 2*a(j) + 11*b(j). Let x be r(-9). Let y(t) = -t**3 + 10*t**2 + 12*t - 10. Calculate y(x).
1
Let t(c) = 0*c - 2*c + 0*c - 65 + 64. Suppose -3*h + 24 = 9*g - 11*g, -4*h + 34 = -3*g. Calculate t(g).
11
Let d be (2/(-7))/((-13)/182) + 2. Let i(b) = -6*b + 12. Let h(k) = -11*k + 23. Let u be (0 + 5 + 2)/1. Let w(g) = u*i(g) - 4*h(g). Give w(d).
4
Let b(m) = 3*m - 3308*m**2 + 9930*m**2 - 1 - 1 - 3312*m**2 - 3309*m**2. Let y = -14 - -8. Let a be (-2)/y + (-13)/3. Calculate b(a).
2
Let d(m) = -4*m**2 + 22*m - 23. Let l(u) = -20*u**2 + 108*u - 118. Let t(p) = 11*d(p) - 2*l(p). What is t(6)?
-5
Let m(a) = -10*a - 3. Suppose 2*x + 0*x - 2*f = 8, 2*f = -5*x - 15. Give m(x).
7
Let s(o) = 3 - 213565*o**3 + 5*o + 2 + 213567*o**3 + o**2. Calculate s(-2).
-17
Let p(o) = 0*o**2 + 24470099*o - 2 - 24470115*o - o**2. Calculate p(-7).
61
Let h = -2 + -1. Let m(u) be the second derivative of 0 - 1/2*u**2 + 244*u + 1/2*u**3. Calculate m(h).
-10
Let t(v) = v**2 - 315*v + 230*v + 40 + 113*v. Calculate t(-27).
13
Let a be (20/(-6))/(8 - 10)*3. Let j(f) = -26*f + 134. Let k be j(a). Let s(v) = -v + 2. Give s(k).
-2
Let n be ((-1)/(-4))/((-33)/88)*-3. Let x(q) = 4*q - 10*q**2 + 13*q**2 + 0*q**n - 4*q**2. Calculate x(3).
3
Suppose -2*i = -5*r + i + 75, 0 = -3*r + 2*i + 46. Let u = r - 16. Let y(h) = 2*h + 3. What is y(u)?
-5
Let n(z) = z**2 + 2*z + 4. Let v be (-6)/(-13) - 582/1261. Give n(v).
4
Let n be 190/(-70) - 2/7. Let y(t) = -4*t**2 + 32*t - 6. Let r(b) = 7*b**2 - 53*b + 10. Let h(k) = -3*r(k) - 5*y(k). What is h(n)?
-6
Let u(d) = -d**2 + 3*d - 2. Let q(b) = b. Let r(h) = 2*q(h) + u(h). Let x be r(3). Let a(p) = -2 + 3*p - 36 + 35 - 5*p + p. Determine a(x).
-7
Let k(z) = z**2 - 6*z + 2. Let q = -49 + 52. Suppose 5*y + 12 - 34 = -2*c, c - q*y = 0. Suppose 2*h + 4*m + 6 = -c, 5*h = -m + 15. Determine k(h).
-6
Let r(k) = k**2 - 8*k + 3. Let x be -3*3115/(-15)*1. Let p = -617 + x. Determine r(p).
-9
Let o(w) = 2*w**3 - 18*w**2 - 2*w + 21. Let a be o(9). Let c(q) = -q - 583*q**3 + 290*q**3 - 3*q**2 - 2 + 292*q**a. Let j be (6/4 + -2)*6. What is c(j)?
1
Suppose 7*h + h = 48. Let c(f) = -17*f**3 + 15*f**2 + 19*f - 3. Let z(a) = 7*a**3 - 7*a**2 - 9*a + 2. Let u(y) = -2*c(y) - 5*z(y). Give u(h).
2
Let j(s) = -s**2 +